*((-12)/(-14))/(-1). What is the greatest common divisor of c and 54?
18
Let y be (-6)/2 + 8 + 4. Calculate the highest common divisor of 81 and y.
9
Let q(t) = t**2 + 4*t + 2. Let g be q(-4). Suppose g*w = 5 - 21. Let l = 44 - w. What is the highest common factor of 13 and l?
13
Let s = -11 - -23. Suppose 2*c - 8 = -3*a, c = -0*c - 2. What is the greatest common divisor of a and s?
4
Let x be (-10)/(-3) + (-1)/3. Let p(i) be the second derivative of i**3/2 + i**2/2 + 2*i. Let u be p(x). Calculate the highest common divisor of 80 and u.
10
Let n(c) = -c**2 + 12*c + 4. Let x be n(12). Suppose -80 = -5*h - 4*l, 3*h + x*l - 2*l - 46 = 0. What is the greatest common divisor of 18 and h?
6
Let y = -35 - -47. What is the greatest common factor of 60 and y?
12
Suppose 0*x + 440 = 4*x. Suppose -2*j = 3*j + 4*w - 38, 3*j - 36 = 2*w. What is the highest common factor of x and j?
10
Suppose 0*a + 2*q = 2*a - 14, 2*a = -4*q - 4. Suppose -1 = a*t - 53. Let n be 26/(-12)*-2*9. Calculate the highest common factor of t and n.
13
Suppose 28 = i - 22. What is the highest common factor of 125 and i?
25
Let w = -74 + 83. Calculate the highest common factor of 9 and w.
9
Suppose -42 = -5*l - m, 0 = l - m - 0 - 12. Let g = 10 - l. Calculate the highest common factor of 1 and g.
1
Let k(g) = g**2 + 6*g + 3. Let s be k(-9). Calculate the greatest common divisor of 24 and s.
6
Let u = -319 - -447. What is the greatest common divisor of 8 and u?
8
Let n(i) be the second derivative of i**5/20 - i**4/12 + i**3/6 - 28*i**2 - 3*i. Let h be n(0). Let a = 7 - h. What is the highest common divisor of 7 and a?
7
Suppose -38 = -2*k + 186. Calculate the greatest common divisor of k and 16.
16
Let q be 2 - ((-9)/(-3) - 7). Suppose -2*d - 36 = -q*d. What is the greatest common factor of d and 3?
3
Suppose 9*c - 134 = 4*c - 4*x, -124 = -4*c + x. What is the highest common divisor of c and 6?
6
Suppose 0 = l - 10 - 10. Suppose -l = -4*q, -2*z = -z + 5*q - 33. Calculate the greatest common divisor of z and 2.
2
Let b(y) be the first derivative of y**3/3 + 3*y**2 + 4*y + 7. Let o be b(-6). What is the highest common divisor of o and 24?
4
Let r be 1/4 - (-2265)/12. Calculate the highest common divisor of r and 21.
21
Suppose 4*v + 7*c = 2*c + 21, 5*v - 42 = -c. Calculate the highest common factor of 135 and v.
9
Suppose 11 = 6*j - 127. Suppose n + 3*n = 92. What is the highest common factor of j and n?
23
Suppose 7*m = -0*m + 392. Calculate the highest common factor of m and 14.
14
Let w(b) = -b**3 + 7*b**2 - 3*b - 6. Let s be w(7). Let p = s - -38. What is the greatest common factor of 22 and p?
11
Suppose 0 = -r - 3*r - 4*y - 44, 0 = 4*r + 2*y + 54. Let z = -3 - r. Calculate the greatest common factor of 26 and z.
13
Let g(m) = -62*m - 1. Let w be g(-4). What is the highest common factor of w and 13?
13
Suppose -f + 10 = -14. Suppose 0 = -3*v - 2*v - 15. Let j be 435/35 + v/7. What is the highest common divisor of f and j?
12
Let o = -136 - -167. Calculate the greatest common factor of o and 155.
31
Let n = -1 + 20. Let h = n + -7. What is the highest common factor of 4 and h?
4
Suppose -h + 60 = 2*h. Suppose -3*p = -6, -2*x = -p + 5*p - 16. Let t be (-7 + -3)*(2 - x). What is the highest common factor of t and h?
20
Let k(u) = 4*u + 1. Let r be ((-10)/25)/(1/5). Let a be (-1)/((4/6)/r). Let y be k(a). What is the greatest common divisor of y and 13?
13
Suppose -3*g = -5*c - 129, 2*g - 11 - 62 = -c. Suppose 4*z = 6 + g. What is the greatest common factor of z and 1?
1
Suppose -4*p + 50 = 5*q, -3*q = 3*p - 11 - 19. Let s be (77 + -2)*4/q. What is the greatest common factor of 5 and s?
5
Suppose n + 15 = 3*m - 2*n, 0 = -5*m - 5*n + 45. Calculate the greatest common divisor of m and 49.
7
Let k(b) = b - 2. Let g be k(2). Let h be 1/(-3) + (-13)/(-3). Let t = h + g. Calculate the greatest common divisor of t and 36.
4
Let a = 9 - -3. Suppose j - o = -0*j + a, 2*j - 22 = 3*o. What is the greatest common factor of j and 112?
14
Let z(w) = 13*w - 1. Let q be z(3). What is the highest common divisor of q and 19?
19
Let i be 5 - 1/(1/1). Let c = -17 + 53. What is the greatest common divisor of i and c?
4
Suppose 8*d = 5*d - 39. Let g be (-1 - d)*8/6. What is the highest common divisor of g and 24?
8
Suppose 2*p - 612 = -4*n, -2*n - 4*p = -126 - 174. Calculate the greatest common divisor of n and 22.
22
Let o be (-2)/(-2)*(23 + 2). What is the highest common divisor of o and 75?
25
Suppose -2*l = s - 15, 3*l + 90 = -4*s + 7*s. Suppose 504 = 3*j + 96. Let w be (-4)/(-14) + j/14. Calculate the highest common divisor of w and s.
5
Let a = 7 - -2. Let m(x) = 63*x**3 + x**2 - x. Let u be m(1). Calculate the highest common factor of u and a.
9
Suppose -2*x = -3*x + 24. Suppose 0 = 2*f + 2*f - x. Calculate the greatest common divisor of f and 60.
6
Let d = 21 - 32. Let k be 1 + 0 - 12*d. Suppose -115 = -5*j + 5*x, -j - 4*x + 79 = 4*j. Calculate the greatest common factor of j and k.
19
Suppose 0 = 4*c - 37 + 1. Calculate the highest common factor of c and 3.
3
Suppose c = 3*c - 8. Suppose 27 = 5*b + c*r - 25, 2*r - 46 = -5*b. What is the greatest common divisor of b and 32?
8
Suppose -1 + 6 = 5*u. Let n be (4 - (1 + -1)) + -2. What is the highest common factor of n and u?
1
Let o(b) = -b**2 + 8*b - 3. Let c be o(6). What is the greatest common divisor of 99 and c?
9
Suppose -4*d + 9 = 1. Let t(j) = -2*j + 2. Let i be t(-3). Calculate the highest common divisor of d and i.
2
Suppose -z - 1 + 6 = 0, -3*o + 4*z - 23 = 0. Let h be 13/1 - 1 - o. Let c be (-8)/(-2)*39/2. Calculate the greatest common factor of h and c.
13
Suppose 3*o - 20 = -o. Suppose 95 = o*l + 5*m, 0*l - 22 = -3*l + 4*m. Calculate the greatest common factor of 7 and l.
7
Suppose -4*l = -3*l + a + 35, 3*l + 125 = a. Let w = -10 - l. Calculate the greatest common factor of 15 and w.
15
Let j(y) = -y**3 - 6*y**2 - 3*y + 1. Let g be j(-6). What is the greatest common factor of g and 152?
19
Let o be (-2)/3 - 8/(-12). Suppose o = j + 2*j - 297. Calculate the highest common divisor of 9 and j.
9
Suppose w - 948 = -2*w. Let n(d) = -d**2 + d + 184. Let a be n(0). Let c = w - a. Calculate the highest common divisor of c and 12.
12
Let k be (8/(-10))/(4/(-20)). Let p = 7 + -7. Suppose p = -d + 16 - 0. Calculate the greatest common factor of d and k.
4
Let k be 196 - ((-2)/6)/((-4)/12). Calculate the greatest common factor of k and 39.
39
Suppose 0 = -g + 4*m - 9 - 0, 0 = 4*g - 3*m - 3. Suppose g*o - 6 = o. Suppose -o*d + 24 = -0*d. What is the highest common divisor of 8 and d?
8
Suppose f - 375 = -5*c + 3*f, 0 = -3*c + 5*f + 206. What is the highest common factor of c and 7?
7
Let u(k) = -k**2 + 15*k - 13. Let j be u(14). Calculate the greatest common divisor of j and 17.
1
Suppose 2*g - 3*a - 203 = g, -198 = -g - 2*a. What is the highest common factor of 40 and g?
40
Let r be 2/(-13) - 41/(-13). Let x be 0/(((-6)/(-2))/r). Suppose -4*u + 140 + 340 = x. Calculate the greatest common factor of u and 15.
15
Let u = 67 - 47. What is the highest common factor of 8 and u?
4
Let d(u) = -55*u - 18. Let b be d(-6). Calculate the highest common factor of 39 and b.
39
Let p = 50 + -37. Calculate the greatest common divisor of 182 and p.
13
Let i = 9 + -2. Suppose 4 = j - 3*j. Let f be (-4)/(-2) - (-7 - j). Calculate the greatest common factor of f and i.
7
Suppose -3*n - j = j + 15, -n - 4*j = 15. Let o be (-1)/n - 501/(-9). Calculate the greatest common factor of o and 8.
8
Let b(j) = j**2 + 2*j - 2. Suppose -5*u + 5*h - 40 = 0, 3*h - 37 + 9 = 4*u. Let d be b(u). Calculate the greatest common divisor of 9 and d.
3
Suppose -22 = -k - 1. Calculate the greatest common divisor of 189 and k.
21
Suppose l - 50 = -4*l - x, -2*l + 5*x - 7 = 0. Let b be 3 + 17 + (0 - 2). Calculate the greatest common factor of l and b.
9
Let t(d) = d - 41. Let j be t(0). Let a(f) = 14*f + 3. Let c be a(5). Let r = c + j. What is the highest common factor of r and 8?
8
Let j(h) = 6*h - 28. Let b be j(13). Calculate the highest common divisor of 20 and b.
10
Let l be (-174)/(-5) + (-1)/(-1 - 4). What is the highest common divisor of 280 and l?
35
Let u = 10 - 6. Suppose 7*t - 16 = -2*x + u*t, 5*t = 5*x - 40. Let v be (2 - 10)/(4/(-32)). What is the highest common factor of x 